(2 + 1)*-1*4. Calculate the remainder when (147/z)/(1/(-4)) is divided by 17.
15
Let f(j) = 2*j**2 + 9*j + 31. Calculate the remainder when 97 is divided by f(-6).
48
Suppose 20 = 4*g - 0. Suppose h - g + 2 = 0. What is the remainder when (44/(-6))/((-6)/9) is divided by h?
2
Suppose -13 = -o - 2*w + w, -3*o - 2*w = -35. Let b(g) = g**3 + 6*g**2 - 10*g - 7. What is the remainder when b(-7) is divided by o?
5
Let l(j) be the second derivative of -j**5/20 + j**4/12 - j**3/6 + 19*j**2/2 - 2*j. Calculate the remainder when l(0) is divided by 10.
9
Let a(j) = -j**2 + 10*j - 9. Let c be (-1)/2*(-28)/2. What is the remainder when a(c) is divided by 5?
2
Suppose 2*m + 2*m + 3*r = 4, 4*m = -r - 4. Let n = 12 + m. Calculate the remainder when 28 is divided by n.
8
Suppose -5*i - 2*u - 10 = -4*u, -3*i - 3*u + 15 = 0. Suppose i = -3*w - 2*w. Suppose 128 + w = 2*c. Calculate the remainder when c is divided by 22.
20
Suppose 200*d = 206*d - 102. What is the remainder when d is divided by 3/1*(-10)/(-6)?
2
Let a be (6/2)/(-3 + 2). Let r be a/(-12) - 86/(-8). Suppose -2*q = 2*j - 10, 2*j - 5*q - 27 - r = 0. What is the remainder when j is divided by 5?
4
Suppose 0 = -g + 2*g - 51. What is the remainder when g is divided by 13?
12
Suppose -4*g + 13 + 5 = -a, 4*a + 148 = -3*g. Suppose -2 = 2*d + 2. Let y = d - a. Calculate the remainder when y is divided by 11.
10
Suppose 0 = -2*t + 2*n + 50, -n + 94 + 6 = 4*t. Suppose -3*h + 32 = -t. What is the remainder when h is divided by ((-10)/3)/((-3)/9)?
9
Suppose 416 = o + 7*o. Calculate the remainder when o is divided by 18.
16
Let w be 18/(-1)*4/6. Calculate the remainder when (-44)/(-6) - w/18 is divided by 5.
3
Suppose -5*g + 97 = -4*q, -g + 3*q - 27 = -2*g. What is the remainder when 40 is divided by g?
19
What is the remainder when 19 is divided by (-22)/((-2)/(2 + -1))?
8
What is the remainder when (-6)/16 - 182/(-16) is divided by 8?
3
Suppose -4*i + 7*i = 3*m - 15, -20 = -4*m + 3*i. Suppose 2*j - 4*j = 0. Suppose -8 = -j*t - t. What is the remainder when t is divided by m?
3
Suppose -3*v - d = -7*v + 232, 58 = v - 2*d. Suppose 0*a = a - v. Calculate the remainder when a is divided by 20.
18
What is the remainder when 57 is divided by 1*1*1*12?
9
Suppose 2*l + 27 + 5 = 0. Let p be (20/l)/((-1)/4). Suppose 48 = 3*a - 2*x, 3 = -p*x + 18. Calculate the remainder when 35 is divided by a.
17
Let y(w) = -13*w - 7. Let h be y(-7). Let q = -106 + 60. Let x = q + h. Calculate the remainder when x is divided by 13.
12
Let g = 97 - 61. What is the remainder when g is divided by 0 - (1 + -14) - 0?
10
What is the remainder when 5 is divided by 2*(0 + (-2 - -3))?
1
Calculate the remainder when 47 is divided by (0 - -3) + 16 + 5.
23
Let u be (-60)/1 - (-4 - -8). Calculate the remainder when 49 is divided by (-48)/u - (-74)/8.
9
Suppose -6*m + 343 = 5*y - 2*m, -2*y - 2*m + 136 = 0. What is the remainder when y is divided by 18?
17
Let d be 8 + 0*2/(-6). Let y(h) = -h + 9. Let x be y(d). Suppose -2*r - 10 = -3*n - n, r = -x. What is the remainder when 2 is divided by n?
0
Let n be -12*(-3)/((-18)/(-2)). Let g = -3 + n. What is the remainder when 2 is divided by g?
0
Let u = -106 - -156. Calculate the remainder when u is divided by 18.
14
Suppose 0 = 5*i - 5*b - 185, -4*b + 3*b = 5*i - 161. Let m = i + 2. Let h = -22 + 34. Calculate the remainder when m is divided by h.
11
Let a be -2 + (-3)/(3/32). Let g = a - -99. Suppose 0 = 3*z - 8*z + g. Calculate the remainder when 37 is divided by z.
11
Suppose -5*v + h = -12, 2*v + 3*h + 2*h + 6 = 0. Suppose 0 = -v*p - 3*p + 20. Calculate the remainder when 7 is divided by p.
3
Suppose -o = -7*w + 2*w - 6, 0 = w. Let m = 18 + -10. Calculate the remainder when m is divided by o - ((-1 - 1) + 3).
3
Let h = 80 + 130. Let o = h + -70. Suppose -7*l = -2*l - o. Calculate the remainder when l is divided by 15.
13
Let v(x) = -x**3 - 5*x**2 - 4. Let t be v(-5). What is the remainder when (-2)/t*0 + 71 is divided by 18?
17
Let k(f) = -4*f - 2*f + f**2 - 5*f + 3*f + 3. What is the remainder when 6 is divided by k(8)?
0
Let f = -57 + 66. What is the remainder when 15 is divided by f?
6
Let x(c) = 9*c**2 + 2*c + 1. Calculate the remainder when 8/(-24) + (-170)/(-6) is divided by x(-1).
4
Let n(y) = -y. Let s(z) = -z**3 - z**2 - 7*z + 1. Let q(f) = -5*n(f) + s(f). Let l = -34 - -39. What is the remainder when q(-2) is divided by l?
4
Suppose h = -3*h + 320. Calculate the remainder when h is divided by 21.
17
Let l(n) = n**3 - 12*n**2 - 12*n + 7. Suppose 2*f + 4*b - 14 = 0, 4*b + 0 = -f + 1. What is the remainder when l(f) is divided by 12?
8
Let x = 0 + 0. Let q(g) = 2*g**2 + 5*g - 3. Let z be q(-6). Suppose x = 5*w - 31 - z. What is the remainder when w is divided by 5?
4
Let t(l) = 1. Let g(i) = 5*i + 1. Let f(y) = -g(y) + 4*t(y). What is the remainder when f(-6) is divided by 12?
9
Suppose -2*m + 2 = -6. Suppose 0 = m*b - 8 - 56. What is the remainder when b is divided by 6?
4
Let b(q) = -2*q**2 + 43. What is the remainder when b(0) is divided by 20?
3
Calculate the remainder when 13 is divided by 46/16 + (-5)/(-40) + 2.
3
Let j(s) = s**2 + 5*s - 2. Suppose 0*t - 60 = -12*t. Calculate the remainder when j(-8) is divided by t.
2
Suppose 0 = 3*l - x + 36, 0*x + 4*x - 24 = 2*l. Let h = -9 - l. Calculate the remainder when 10 is divided by h.
1
Suppose -u + 3*z + 22 = 0, 5*u - u - 2*z = 48. What is the remainder when 17 is divided by u?
7
Let x = 10 - -27. Calculate the remainder when x is divided by 8.
5
Suppose -6*g - 64 = -286. What is the remainder when g is divided by 19?
18
Let w(n) = -18*n - 1. Calculate the remainder when 45 is divided by w(-1).
11
Let n(r) = 2*r - 1. What is the remainder when n(1) is divided by 1?
0
Let g be 2*-1*111/(-6). Suppose -2*t + 3*i = -g, -4*i + 1 = -3. What is the remainder when 39 is divided by t?
19
Let v(g) = g - 3. Let b be v(6). Let y(j) = -3 + 0 + 3*j**2 - j**b + 0*j**2 + 4*j**2. What is the remainder when y(5) is divided by 16?
15
Let b(u) = u**3 + 12*u**2 + 11*u + 2. Let a be (5/(-3))/((-2)/12). Let h = a + -7. Calculate the remainder when h is divided by b(-11).
1
What is the remainder when (-2648)/(-32) + (-1)/(-4) is divided by 21?
20
Let n(x) be the first derivative of x**4/2 + x**3/6 - 3*x + 1. Let k(q) be the first derivative of n(q). What is the remainder when k(1) is divided by 4?
3
Let l = -20 + 35. Suppose -l + 9 = -2*m. What is the remainder when 9 is divided by m?
0
Suppose -3*p = -4*t - 96, 4*t = 2*p - 26 - 34. Let c = 72 - p. What is the remainder when c is divided by 13?
10
Suppose h + 39 = 5*a - 93, 4*a - 2*h = 108. Let u(p) = 7*p - 5. Let d(k) = -k + 1. Let t(v) = 4*d(v) + u(v). Calculate the remainder when a is divided by t(5).
12
Suppose -77 = -z + u, -4*z + 227 = -z + u. Suppose 3*k + 2*r = z, 0 = -2*k - r + 52 - 3. Calculate the remainder when 64 is divided by k.
20
Suppose 51 = 10*b - 7*b. What is the remainder when 67 is divided by b?
16
Calculate the remainder when (-4)/(-14) + 3/((-105)/(-1495)) is divided by 15.
13
Suppose 4*t - 3*d - 38 = 0, -2*t = 4*d - 14 - 16. Calculate the remainder when 2/1 + 0 - -29 is divided by t.
9
Suppose 0 = -4*q + 2*l + l + 105, -3*q = 5*l - 86. Calculate the remainder when 107 is divided by q.
26
Suppose 0*r = r - 8. Calculate the remainder when ((-23)/3)/((-2)/6) is divided by r.
7
Let a(g) = -g**3 - 7*g**2 - 5*g + 8. Let j be a(-6). Let i be 4/j + 0/(-1). Suppose i*b = b + 11. What is the remainder when 21 is divided by b?
10
Suppose -5*s = -8*s + 198. Let b = -45 + s. Calculate the remainder when b is divided by 12.
9
Suppose 3*r = 2*k + 17, 0*k + 3*k - 2 = -r. Suppose -j - 5*m + 31 = 0, -r*m = -j + 32 + 19. What is the remainder when j is divided by 21?
20
Let h(w) = 25*w - 4. Calculate the remainder when h(2) is divided by 18.
10
What is the remainder when (-349)/(-7) - (-12)/84 is divided by 13?
11
Let s(k) = 4*k**2 - 5*k + 10. What is the remainder when 151 is divided by s(3)?
27
Let g(z) = -z**2 + 5*z + 4. Suppose 0*o + 38 = 2*o. Calculate the remainder when o is divided by g(3).
9
Let t(d) = 7*d**3 - 2*d + 3. Let f(g) = 3*g - 13. Calculate the remainder when t(2) is divided by f(9).
13
Let m = 34 + -16. Let f = -4 + m. Suppose 0 = -i - i + f. Calculate the remainder when 25 is divided by